= 5 - 6. Let v be d/4 - 45/(-20). Let u(t) be the first derivative of 3*t**2/2 - t - 2. Determine u(v).
5
Let r(k) = -k**2 + 6*k - 1. Suppose t + 11 = -7. Let i be (-2)/(-6)*-1*t. Give r(i).
-1
Let b(a) = -a**3 + 8*a**2 + 6*a + 10. Let z(s) = -s**2 - 1. Let g(p) = b(p) + 4*z(p). Give g(5).
11
Let v(c) be the third derivative of c**4/3 - c**3 - c**2. Let u(t) be the first derivative of -2*t**2 + 3*t - 4. Let j(p) = -7*u(p) - 4*v(p). Calculate j(2).
-5
Let r(j) = j**2. Let v(k) = -4*k**2 - 4. Let g(w) = -5*r(w) - v(w). Suppose x = -1 - 2. Calculate g(x).
-5
Suppose c + 1 - 7 = 2*s, -4*s = -5*c + 36. Suppose -3*j + 3*z + 6 = 0, 2*z + c = -4*j + 2*j. Let o(u) = 2*u**2 + 2*u + 1. Calculate o(j).
1
Let y(r) = -r**3 - r**2 + r + 1. Let b(q) = -4*q - 6. Let u be b(-2). Determine y(u).
-9
Let b(k) = -k**3 - 9*k + 26*k**2 - 33*k**2 - 3 + 2*k. Determine b(-6).
3
Let w be 34/4 + (-2)/4. Let h be (-12)/16 - 27/(-4). Let x(b) = b**2 - 6*b + h*b + 9 + w*b. Give x(-6).
-3
Suppose 2*n + 3*g - 20 = n, -2*n - 10 = -4*g. Suppose n*h - 3*z = 7, -5*z - 14 = 3*h + 9. Let t(o) be the first derivative of 7*o**2/2 - 27. Calculate t(h).
-7
Let n = 4 + -4. Suppose -l + m = -2, n = 3*l + 2*l - 4*m - 7. Let k(j) = 6*j**3 + 2*j**2 - 1. What is k(l)?
-5
Let f(g) = -g - 3. Let o(q) = 6*q + 16. Let d(w) = 11*f(w) + 2*o(w). Suppose -3*l - 3 = 3*j, 2*j - 7*j - 4*l - 2 = 0. Determine d(j).
1
Let z be (35/28)/(3 + (-33)/12). Let d(j) = j**2 - 5*j + 4. Give d(z).
4
Let m(l) be the first derivative of -l**6/120 + l**5/10 - l**4/6 - 2*l**3/3 - 5*l**2 - 11. Let n(k) be the second derivative of m(k). Determine n(5).
1
Let f(i) be the third derivative of -9*i**2 - 1/60*i**5 + 0*i + 0 - 1/24*i**4 + 1/6*i**3. Determine f(2).
-5
Let w = 8 + -6. Suppose -4*j + 13 = 5*u, -3*u + 1 = w*j - 6. Suppose -4 = s - j. Let n(y) = 5*y + 3. Give n(s).
-7
Suppose 14 = q - 3*s + 2, 6 = q - s. Suppose q*j - 1 = 5. Let y(g) = g - 3. Calculate y(j).
-1
Let q be 14*3*2/(-2). Let k be 6/q - (-68)/(-14). Let b(d) = d**3 + 4*d**2 - 5*d. Give b(k).
0
Let n(z) = 7*z + 1. Let j be ((-4)/(-4) - -1)*2/(-4). What is n(j)?
-6
Let i(o) be the second derivative of o**4/12 - 7*o**3/6 + 7*o**2/2 + 25*o. Determine i(7).
7
Let u(d) = d - 1. Let m be (-2)/6 + 192/9. Let k = -10 + m. Suppose -5*w = -36 + k. Determine u(w).
4
Suppose 4 = 2*a + 4*r, a + r - 5 = 2*r. Suppose 0 = 2*b - 2*y - 8, a*b - 3*y = 2*b + 13. Let h(c) = 10*c**3 - 1. Give h(b).
-11
Let i(t) = t + 4. Let k = 35 + -12. Suppose -x + 3 = -d - 4, 0 = -5*x + d + k. Give i(x).
8
Let h(w) = 2*w - 8. Let g(c) = -c**3 + 6*c**2 + 6. Let a be g(6). Let x be h(a). Let n(s) = 2*s**2 - 4 - s**3 + x + 4*s - 3. Calculate n(3).
0
Let f(y) be the first derivative of y**3/3 - 7*y**2/2 + 5*y + 1. Let k be ((-2)/6)/(1/3). Let n(m) = 4*m**2 - m. Let w be n(k). Calculate f(w).
-5
Let c(h) = h**3 - 7*h**2 + 6*h. Let n be c(6). Let x(a) = -12*a + n - 4 + 5. What is x(1)?
-11
Let u(z) be the first derivative of z**4 + z**2/2 - z + 21. What is u(1)?
4
Suppose 0 = -r - 4*r + 65. Suppose 3*m = z - 2*m + r, 4*z + 2*m = 58. Suppose 0 = -2*s - 0*s + z. Let l(a) = -a + 9. What is l(s)?
3
Let p(s) be the second derivative of -s**5/20 - s**4/3 + 2*s**3/3 - 3*s**2/2 + 17*s. Suppose 8*k - 4*k - 3*i + 32 = 0, -2*k - 22 = -3*i. Give p(k).
2
Let p(g) be the second derivative of g**5/60 - g**4/12 - g**3/6 + g**2 + 6*g. Let m(c) be the first derivative of p(c). What is m(3)?
2
Let f(m) = 5*m - 7. Let k(r) = 2*r - 3. Let n(g) = -4*f(g) + 9*k(g). What is n(-3)?
7
Let d(r) = -2*r - 1. Suppose -9 + 13 = 4*k. Calculate d(k).
-3
Let f(t) = 7*t**2 + 0 - 1 + t**3 - 9*t + t. Let m = -628 + 620. What is f(m)?
-1
Let n(t) = -t**2 + 7*t - 3. Suppose 5*x + 34 = 154. Suppose 4*m = 8*m - x. Calculate n(m).
3
Let l = 2 + -3. Let n(v) = -15 + 33 - 18 - 3*v**2 - v. Give n(l).
-2
Let g(d) = -1 - d**2 - d + 0*d**2 + 0*d. Suppose -2*m + 6 = -3*a + 36, -3*a = 3*m - 45. Let y(f) = f - 12. Let u be y(a). Calculate g(u).
-1
Let z(w) = 4*w**2 + 7*w + 6. Let f(p) = -3*p**2 - 6*p - 5. Let q(r) = 6*f(r) + 5*z(r). Give q(-1).
3
Suppose 2*o + 3*u - 6 = 0, -10 = -0*o - 3*o - 5*u. Suppose -4 = -4*q - o. Let c(g) = 3*g - 1. Calculate c(q).
2
Let c(b) = -b**3 + 3*b**2 + 4*b - 3. Let j(f) = 4*f**3 - 11*f**2 - 15*f + 13. Let z(p) = 9*c(p) + 2*j(p). Determine z(6).
-1
Let d(y) be the third derivative of y**6/120 - y**5/30 + y**4/8 - y**3/6 - 13*y**2. What is d(2)?
5
Let c = -19 + 23. Suppose c*i = -i. Let w(x) = -x**2 - x - 15. Give w(i).
-15
Let t(d) = 7*d + 2*d - 2*d**2 - 6*d - 7*d. Determine t(-3).
-6
Let g(z) = z**3 - 4*z**2 + 2*z - 2. Let c = 4 + 9. Suppose 5*y - c = -3*b - 6, y = -4*b + 15. What is g(b)?
6
Let f(i) = 4*i - 5. Let v(w) = 5*w - 6. Let h(r) = -4*f(r) + 3*v(r). Let d(b) = 2 + 2 + 2*b - b. Let n be d(-4). What is h(n)?
2
Let l(m) = m**2 - 4*m - 44*m**3 + 8 + 43*m**3 + 5*m. Calculate l(0).
8
Let u(z) = z**3 - 3 - 5*z**2 + 7 + 0 - z. Let d be (-6)/(-18) + 16/(-3). Let h = 0 - d. Give u(h).
-1
Let j = 22 - 7. Suppose -1 = -4*v + j. Let r(i) = i**3 - 5*i**2 + 5*i - 2. Give r(v).
2
Suppose 0 = -2*s - s + 15. Suppose -s*u + 3 = 8. Let b(g) = -9*g. Let h(i) = 2*i. Let v(m) = -6*b(m) - 26*h(m). Calculate v(u).
-2
Let n = -4 - -6. Suppose 3*g + n = 8. Let f(j) = -3 + 0 - 5*j + 3*j**g - 5*j**2. Give f(-3).
-6
Let l = -45 - -50. Let m(q) = q - 12. Give m(l).
-7
Let b(g) be the first derivative of g**4/4 - 2*g + 1. Let k(d) = -d**3 - 6*d**2 - 2*d - 8. Let l be k(-6). Suppose 2*o = l*o - 4. Determine b(o).
6
Let i(n) be the first derivative of -n**2/2 - 6. Calculate i(-2).
2
Let a(q) be the third derivative of q**7/2520 + q**6/720 - q**5/40 - q**4/6 - 3*q**2. Let u(x) be the second derivative of a(x). What is u(3)?
9
Suppose 0 = -0*b + b - 4. Suppose -2*p + 0 = -b. Suppose p + 7 = -3*y. Let u(l) = -l - 6. Give u(y).
-3
Let t(n) be the second derivative of -2*n**3/3 + 2*n**2 - 11*n. Determine t(4).
-12
Let p(c) = c**2 - 1. Let w = -39 + 38. Calculate p(w).
0
Let b(n) = 4*n**2 - 3*n - 6. Let f(i) = i**2 + i - 1. Let l(s) = -b(s) + 5*f(s). Calculate l(-6).
-11
Suppose -3*f - 13 = -5*j - 0, 4*f + 3*j = 31. Let c(y) = y**2 - 3*y - 3. Calculate c(f).
1
Let r(i) = -i**2 + 3*i. Let o be r(4). Let u = o + 6. Let t(g) = 0*g**u - 5*g + 6 + g**2 + g. Determine t(4).
6
Let f(p) = p**3 - p**2 - 2*p - 4. Let i be ((-12)/5)/(4/(-10)). Let j(d) = -d**3 + 7*d**2 - 8*d + 2. Let s be j(i). Let k be s/(-2)*15/25. Give f(k).
8
Let g(c) = 4*c**3 - 3*c - 8. Let l(j) = 7*j**3 - 5*j - 15. Let r(d) = 5*g(d) - 3*l(d). Give r(0).
5
Let g(h) = -2*h**2 - 2*h - 2. Let a = 2 - 9. Suppose -v = 3*v + 36. Let t = v - a. Calculate g(t).
-6
Let f(j) = j**3 - j**2. Let g(a) = a**2 - 2*a - 2. Let r = -5 - -8. Let l be g(r). Let d = -1 + l. Determine f(d).
0
Let s(f) be the first derivative of f**2/2 + 3*f + 2. Let r be -1 + (5 + -1)/(-4). What is s(r)?
1
Let g(s) = -s - 1. Suppose 4 = -4*a + 8. Suppose a = -5*t + 16. Calculate g(t).
-4
Let o be (2 - 0)*1/(-2). Let s(b) = b + 1. Determine s(o).
0
Let o(t) be the third derivative of -t**5/60 - 3*t**4/8 - 4*t**3/3 + 28*t**2. Determine o(-7).
6
Let s(v) be the third derivative of v**5/60 + 5*v**4/12 + 5*v**3/6 + 18*v**2. What is s(-10)?
5
Let l(s) = 1. Let t(o) = 2*o - 18. Let z(m) = -m + 9. Let j(c) = 4*t(c) + 9*z(c). Let u(y) = -j(y) + 4*l(y). Give u(-4).
-9
Let r(b) = -b - 9. Let c(v) be the first derivative of 7*v**3/3 - v + 2. Let l be c(-2). Suppose 5*m - y = -l, -2*y - y = -2*m - 16. Give r(m).
-4
Let n(h) = -11*h + 7*h + 1 - 3*h**2 + 4*h. Let l(q) = -q + 4*q**2 + 2*q - 2*q. Let d(b) = -4*l(b) - 5*n(b). Give d(5).
-10
Let t(n) = n**2 + 5*n + 2. Suppose 3 = c + 1. Let v(w) = -w**2 - 1. Let p(q) = c*v(q) + t(q). Give p(6).
-6
Let v(h) = -h**3 + h**2 + 5. Let o = 8 - 8. Give v(o).
5
Let j(n) = n**2 + 7*n + 5. Let i be j(-6). Let h(t) be the second derivative of -2*t**3/3 + 10*t. Calculate h(i).
4
Let w(p) be the second derivative of -p**3/2 + 11*p**2/2 + 4*p. What is w(8)?
-13
Suppose -m - k + 4 = 0, k = 4*m - 0*m - 1. Let q(a) = -6*a + 1. Give q(m).
-5
Suppose 0 = 2*p - p + 5*k + 12, p = 5*k + 38. Let n be (-1 + 0)/((-6)/60). Suppose 2*b = -o + n, -3*b + 2 = -5*o + p. Let h(x) = -x + 2. Determine h(b).
-1
Suppose -y - 3 = 0, -4*y + 6 = 4*z - 2*y. Let i(a) be the first derivative of -a**3/3 + 3*a - 1. Calculate i(z)